{"id":95,"date":"2024-02-06T12:49:38","date_gmt":"2024-02-06T09:49:38","guid":{"rendered":"https:\/\/efkyapi.com.tr\/?page_id=95"},"modified":"2024-02-06T12:49:38","modified_gmt":"2024-02-06T09:49:38","slug":"teklif-formu","status":"publish","type":"page","link":"https:\/\/efkyapi.com.tr\/index.php\/teklif-formu\/","title":{"rendered":"Teklif Formu"},"content":{"rendered":"\n<h3 class=\"wp-block-heading gutenify-section-9f8dadb0-c4d3-11ee-9b8d-e9389a1e067b\">TEKL\u0130F FORMU<\/h3>\n\n\n<style id=\"wpforms-css-vars-root\">\n\t\t\t\t:root {\n\t\t\t\t\t--wpforms-field-border-radius: 3px;\n--wpforms-field-background-color: #ffffff;\n--wpforms-field-border-color: rgba( 0, 0, 0, 0.25 );\n--wpforms-field-text-color: rgba( 0, 0, 0, 0.7 );\n--wpforms-label-color: rgba( 0, 0, 0, 0.85 );\n--wpforms-label-sublabel-color: rgba( 0, 0, 0, 0.55 );\n--wpforms-label-error-color: #d63637;\n--wpforms-button-border-radius: 3px;\n--wpforms-button-background-color: #066aab;\n--wpforms-button-text-color: #ffffff;\n--wpforms-page-break-color: #066aab;\n--wpforms-field-size-input-height: 43px;\n--wpforms-field-size-input-spacing: 15px;\n--wpforms-field-size-font-size: 16px;\n--wpforms-field-size-line-height: 19px;\n--wpforms-field-size-padding-h: 14px;\n--wpforms-field-size-checkbox-size: 16px;\n--wpforms-field-size-sublabel-spacing: 5px;\n--wpforms-field-size-icon-size: 1;\n--wpforms-label-size-font-size: 16px;\n--wpforms-label-size-line-height: 19px;\n--wpforms-label-size-sublabel-font-size: 14px;\n--wpforms-label-size-sublabel-line-height: 17px;\n--wpforms-button-size-font-size: 17px;\n--wpforms-button-size-height: 41px;\n--wpforms-button-size-padding-h: 15px;\n--wpforms-button-size-margin-top: 10px;\n\n\t\t\t\t}\n\t\t\t<\/style><div class=\"wpforms-container wpforms-container-full wpforms-block wpforms-block-d6ba745d-69f7-4db5-b84e-acd96358e782 wpforms-render-modern\" id=\"wpforms-92\"><form id=\"wpforms-form-92\" class=\"wpforms-validate wpforms-form wpforms-ajax-form\" data-formid=\"92\" method=\"post\" enctype=\"multipart\/form-data\" action=\"\/index.php\/wp-json\/wp\/v2\/pages\/95\" data-token=\"f9348a9e87f10f9c117f112d88e6aa1d\"><noscript class=\"wpforms-error-noscript\">Bu formu bitirebilmek i\u00e7in taray\u0131c\u0131n\u0131zda JavaScript&#039;i etkinle\u015ftirin.<\/noscript><div class=\"wpforms-hidden\" id=\"wpforms-error-noscript\">Bu formu bitirebilmek i\u00e7in taray\u0131c\u0131n\u0131zda JavaScript&#039;i etkinle\u015ftirin.<\/div><div class=\"wpforms-field-container\"><div id=\"wpforms-92-field_0-container\" class=\"wpforms-field wpforms-field-name\" data-field-id=\"0\"><fieldset><legend class=\"wpforms-field-label\">Ad Soyad <span class=\"wpforms-required-label\" aria-hidden=\"true\">*<\/span><\/legend><div class=\"wpforms-field-row wpforms-field-medium\"><div class=\"wpforms-field-row-block wpforms-first wpforms-one-half\"><input type=\"text\" id=\"wpforms-92-field_0\" class=\"wpforms-field-name-first wpforms-field-required\" name=\"wpforms[fields][0][first]\" aria-errormessage=\"wpforms-92-field_0-error\" required><label for=\"wpforms-92-field_0\" class=\"wpforms-field-sublabel after \">Ad<\/label><\/div><div class=\"wpforms-field-row-block wpforms-one-half\"><input type=\"text\" id=\"wpforms-92-field_0-last\" class=\"wpforms-field-name-last wpforms-field-required\" name=\"wpforms[fields][0][last]\" aria-errormessage=\"wpforms-92-field_0-last-error\" required><label for=\"wpforms-92-field_0-last\" class=\"wpforms-field-sublabel after \">Soyad<\/label><\/div><\/div><\/fieldset><\/div><div id=\"wpforms-92-field_1-container\" class=\"wpforms-field wpforms-field-email\" data-field-id=\"1\"><label class=\"wpforms-field-label\" for=\"wpforms-92-field_1\">E-Mail <span class=\"wpforms-required-label\" aria-hidden=\"true\">*<\/span><\/label><input type=\"email\" id=\"wpforms-92-field_1\" class=\"wpforms-field-medium wpforms-field-required\" name=\"wpforms[fields][1]\" spellcheck=\"false\" aria-errormessage=\"wpforms-92-field_1-error\" required><\/div><div id=\"wpforms-92-field_2-container\" class=\"wpforms-field wpforms-field-textarea\" data-field-id=\"2\"><label class=\"wpforms-field-label\" for=\"wpforms-92-field_2\">Talep Edilen \u00dcr\u00fcn <span class=\"wpforms-required-label\" aria-hidden=\"true\">*<\/span><\/label><textarea id=\"wpforms-92-field_2\" class=\"wpforms-field-medium wpforms-field-required\" name=\"wpforms[fields][2]\" aria-errormessage=\"wpforms-92-field_2-error\" required><\/textarea><\/div><div id=\"wpforms-92-field_5-container\" class=\"wpforms-field wpforms-field-textarea\" data-field-id=\"5\"><label class=\"wpforms-field-label\" for=\"wpforms-92-field_5\">Talep Edilen \u00dcr\u00fcn Miktar <span class=\"wpforms-required-label\" aria-hidden=\"true\">*<\/span><\/label><textarea id=\"wpforms-92-field_5\" class=\"wpforms-field-medium wpforms-field-required\" name=\"wpforms[fields][5]\" aria-errormessage=\"wpforms-92-field_5-error\" required><\/textarea><\/div><div id=\"wpforms-92-field_3-container\" class=\"wpforms-field wpforms-field-number\" data-field-id=\"3\"><label class=\"wpforms-field-label\" for=\"wpforms-92-field_3\">Sevk Adresi <span class=\"wpforms-required-label\" aria-hidden=\"true\">*<\/span><\/label><input type=\"number\" pattern=\"\\d*\" id=\"wpforms-92-field_3\" class=\"wpforms-field-medium wpforms-field-required\" name=\"wpforms[fields][3]\" aria-errormessage=\"wpforms-92-field_3-error\" required><\/div><div id=\"wpforms-92-field_6-container\" class=\"wpforms-field wpforms-field-number\" data-field-id=\"6\"><label class=\"wpforms-field-label\" for=\"wpforms-92-field_6\">Not<\/label><input type=\"number\" pattern=\"\\d*\" id=\"wpforms-92-field_6\" class=\"wpforms-field-medium\" name=\"wpforms[fields][6]\" aria-errormessage=\"wpforms-92-field_6-error\" ><\/div><\/div><!-- .wpforms-field-container --><div class=\"wpforms-submit-container\" ><input type=\"hidden\" name=\"wpforms[id]\" value=\"92\"><input type=\"hidden\" name=\"wpforms[author]\" value=\"1\"><button type=\"submit\" name=\"wpforms[submit]\" id=\"wpforms-submit-92\" class=\"wpforms-submit\" data-alt-text=\"G\u00f6nderiliyor...\" data-submit-text=\"G\u00f6nder\" aria-live=\"assertive\" value=\"wpforms-submit\">G\u00f6nder<\/button><img loading=\"lazy\" decoding=\"async\" src=\"https:\/\/efkyapi.com.tr\/wp-content\/plugins\/wpforms-lite\/assets\/images\/submit-spin.svg\" class=\"wpforms-submit-spinner\" style=\"display: none;\" width=\"26\" height=\"26\" alt=\"Y\u00fckleniyor\"><\/div><\/form><\/div>  <!-- .wpforms-container -->","protected":false},"excerpt":{"rendered":"<p>TEKL\u0130F FORMU<\/p>\n","protected":false},"author":1,"featured_media":0,"parent":0,"menu_order":0,"comment_status":"closed","ping_status":"closed","template":"","meta":{"gutenify_custom_css":"","gutenify_custom_css_data":"","footnotes":""},"class_list":["post-95","page","type-page","status-publish","hentry"],"yoast_head":"<!-- This site is optimized with the Yoast SEO plugin v22.5 - https:\/\/yoast.com\/wordpress\/plugins\/seo\/ -->\n<title>Teklif Formu - Efk Yap\u0131<\/title>\n<meta name=\"robots\" content=\"index, follow, max-snippet:-1, max-image-preview:large, max-video-preview:-1\" \/>\n<link rel=\"canonical\" href=\"https:\/\/efkyapi.com.tr\/index.php\/teklif-formu\/\" \/>\n<meta property=\"og:locale\" content=\"tr_TR\" \/>\n<meta property=\"og:type\" content=\"article\" \/>\n<meta property=\"og:title\" content=\"Teklif Formu - Efk Yap\u0131\" \/>\n<meta property=\"og:description\" content=\"TEKL\u0130F FORMU\" \/>\n<meta property=\"og:url\" content=\"https:\/\/efkyapi.com.tr\/index.php\/teklif-formu\/\" \/>\n<meta property=\"og:site_name\" content=\"Efk Yap\u0131\" \/>\n<meta name=\"twitter:card\" content=\"summary_large_image\" \/>\n<script type=\"application\/ld+json\" class=\"yoast-schema-graph\">{\"@context\":\"https:\/\/schema.org\",\"@graph\":[{\"@type\":\"WebPage\",\"@id\":\"https:\/\/efkyapi.com.tr\/index.php\/teklif-formu\/\",\"url\":\"https:\/\/efkyapi.com.tr\/index.php\/teklif-formu\/\",\"name\":\"Teklif Formu - Efk Yap\u0131\",\"isPartOf\":{\"@id\":\"https:\/\/efkyapi.com.tr\/#website\"},\"datePublished\":\"2024-02-06T09:49:38+00:00\",\"dateModified\":\"2024-02-06T09:49:38+00:00\",\"breadcrumb\":{\"@id\":\"https:\/\/efkyapi.com.tr\/index.php\/teklif-formu\/#breadcrumb\"},\"inLanguage\":\"tr\",\"potentialAction\":[{\"@type\":\"ReadAction\",\"target\":[\"https:\/\/efkyapi.com.tr\/index.php\/teklif-formu\/\"]}]},{\"@type\":\"BreadcrumbList\",\"@id\":\"https:\/\/efkyapi.com.tr\/index.php\/teklif-formu\/#breadcrumb\",\"itemListElement\":[{\"@type\":\"ListItem\",\"position\":1,\"name\":\"Anasayfa\",\"item\":\"https:\/\/efkyapi.com.tr\/\"},{\"@type\":\"ListItem\",\"position\":2,\"name\":\"Teklif Formu\"}]},{\"@type\":\"WebSite\",\"@id\":\"https:\/\/efkyapi.com.tr\/#website\",\"url\":\"https:\/\/efkyapi.com.tr\/\",\"name\":\"Efk Yap\u0131\",\"description\":\"\u0130n\u015faat ve M\u00fchendislik\",\"publisher\":{\"@id\":\"https:\/\/efkyapi.com.tr\/#organization\"},\"potentialAction\":[{\"@type\":\"SearchAction\",\"target\":{\"@type\":\"EntryPoint\",\"urlTemplate\":\"https:\/\/efkyapi.com.tr\/?s={search_term_string}\"},\"query-input\":\"required name=search_term_string\"}],\"inLanguage\":\"tr\"},{\"@type\":\"Organization\",\"@id\":\"https:\/\/efkyapi.com.tr\/#organization\",\"name\":\"Efk Yap\u0131\",\"url\":\"https:\/\/efkyapi.com.tr\/\",\"logo\":{\"@type\":\"ImageObject\",\"inLanguage\":\"tr\",\"@id\":\"https:\/\/efkyapi.com.tr\/#\/schema\/logo\/image\/\",\"url\":\"https:\/\/efkyapi.com.tr\/wp-content\/uploads\/2024\/02\/EFK-1.png\",\"contentUrl\":\"https:\/\/efkyapi.com.tr\/wp-content\/uploads\/2024\/02\/EFK-1.png\",\"width\":1563,\"height\":1563,\"caption\":\"Efk Yap\u0131\"},\"image\":{\"@id\":\"https:\/\/efkyapi.com.tr\/#\/schema\/logo\/image\/\"}}]}<\/script>\n<!-- \/ Yoast SEO plugin. -->","yoast_head_json":{"title":"Teklif Formu - Efk Yap\u0131","robots":{"index":"index","follow":"follow","max-snippet":"max-snippet:-1","max-image-preview":"max-image-preview:large","max-video-preview":"max-video-preview:-1"},"canonical":"https:\/\/efkyapi.com.tr\/index.php\/teklif-formu\/","og_locale":"tr_TR","og_type":"article","og_title":"Teklif Formu - Efk Yap\u0131","og_description":"TEKL\u0130F FORMU","og_url":"https:\/\/efkyapi.com.tr\/index.php\/teklif-formu\/","og_site_name":"Efk Yap\u0131","twitter_card":"summary_large_image","schema":{"@context":"https:\/\/schema.org","@graph":[{"@type":"WebPage","@id":"https:\/\/efkyapi.com.tr\/index.php\/teklif-formu\/","url":"https:\/\/efkyapi.com.tr\/index.php\/teklif-formu\/","name":"Teklif Formu - Efk Yap\u0131","isPartOf":{"@id":"https:\/\/efkyapi.com.tr\/#website"},"datePublished":"2024-02-06T09:49:38+00:00","dateModified":"2024-02-06T09:49:38+00:00","breadcrumb":{"@id":"https:\/\/efkyapi.com.tr\/index.php\/teklif-formu\/#breadcrumb"},"inLanguage":"tr","potentialAction":[{"@type":"ReadAction","target":["https:\/\/efkyapi.com.tr\/index.php\/teklif-formu\/"]}]},{"@type":"BreadcrumbList","@id":"https:\/\/efkyapi.com.tr\/index.php\/teklif-formu\/#breadcrumb","itemListElement":[{"@type":"ListItem","position":1,"name":"Anasayfa","item":"https:\/\/efkyapi.com.tr\/"},{"@type":"ListItem","position":2,"name":"Teklif Formu"}]},{"@type":"WebSite","@id":"https:\/\/efkyapi.com.tr\/#website","url":"https:\/\/efkyapi.com.tr\/","name":"Efk Yap\u0131","description":"\u0130n\u015faat ve M\u00fchendislik","publisher":{"@id":"https:\/\/efkyapi.com.tr\/#organization"},"potentialAction":[{"@type":"SearchAction","target":{"@type":"EntryPoint","urlTemplate":"https:\/\/efkyapi.com.tr\/?s={search_term_string}"},"query-input":"required name=search_term_string"}],"inLanguage":"tr"},{"@type":"Organization","@id":"https:\/\/efkyapi.com.tr\/#organization","name":"Efk Yap\u0131","url":"https:\/\/efkyapi.com.tr\/","logo":{"@type":"ImageObject","inLanguage":"tr","@id":"https:\/\/efkyapi.com.tr\/#\/schema\/logo\/image\/","url":"https:\/\/efkyapi.com.tr\/wp-content\/uploads\/2024\/02\/EFK-1.png","contentUrl":"https:\/\/efkyapi.com.tr\/wp-content\/uploads\/2024\/02\/EFK-1.png","width":1563,"height":1563,"caption":"Efk Yap\u0131"},"image":{"@id":"https:\/\/efkyapi.com.tr\/#\/schema\/logo\/image\/"}}]}},"_links":{"self":[{"href":"https:\/\/efkyapi.com.tr\/index.php\/wp-json\/wp\/v2\/pages\/95","targetHints":{"allow":["GET"]}}],"collection":[{"href":"https:\/\/efkyapi.com.tr\/index.php\/wp-json\/wp\/v2\/pages"}],"about":[{"href":"https:\/\/efkyapi.com.tr\/index.php\/wp-json\/wp\/v2\/types\/page"}],"author":[{"embeddable":true,"href":"https:\/\/efkyapi.com.tr\/index.php\/wp-json\/wp\/v2\/users\/1"}],"replies":[{"embeddable":true,"href":"https:\/\/efkyapi.com.tr\/index.php\/wp-json\/wp\/v2\/comments?post=95"}],"version-history":[{"count":1,"href":"https:\/\/efkyapi.com.tr\/index.php\/wp-json\/wp\/v2\/pages\/95\/revisions"}],"predecessor-version":[{"id":96,"href":"https:\/\/efkyapi.com.tr\/index.php\/wp-json\/wp\/v2\/pages\/95\/revisions\/96"}],"wp:attachment":[{"href":"https:\/\/efkyapi.com.tr\/index.php\/wp-json\/wp\/v2\/media?parent=95"}],"curies":[{"name":"wp","href":"https:\/\/api.w.org\/{rel}","templated":true}]}}