{"id":28,"date":"2024-02-01T15:41:50","date_gmt":"2024-02-01T12:41:50","guid":{"rendered":"https:\/\/efkyapi.com.tr\/index.php\/about-us\/"},"modified":"2024-02-06T11:30:00","modified_gmt":"2024-02-06T08:30:00","slug":"hakkimizda","status":"publish","type":"page","link":"https:\/\/efkyapi.com.tr\/index.php\/hakkimizda\/","title":{"rendered":"Hakk\u0131m\u0131zda"},"content":{"rendered":"\n<div class=\"wp-block-group alignfull gutenify-section-54520af0-c4bd-11ee-a3a1-a165d3cfa3fc is-layout-flow wp-container-core-group-is-layout-47e5a185 wp-block-group-is-layout-flow\">\n<div class=\"wp-block-cover alignfull gutenify-section-525f89c0-c4bd-11ee-a3a1-a165d3cfa3fc\" style=\"min-height:547px;aspect-ratio:unset;\"><span aria-hidden=\"true\" class=\"wp-block-cover__background has-background-dim-30 has-background-dim\"><\/span><img decoding=\"async\" class=\"wp-block-cover__image-background wp-image-864\" alt=\"\" src=\"https:\/\/demo.gutenify.com\/gutenify-civil\/wp-content\/themes\/gutenify-civil\/images\/inner-banner.jpg\" style=\"object-position:42% 36%\" data-object-fit=\"cover\" data-object-position=\"42% 36%\"\/><div class=\"wp-block-cover__inner-container is-layout-flow wp-block-cover-is-layout-flow\">\n<div class=\"wp-block-group alignwide gutenify-section-52580fb0-c4bd-11ee-a3a1-a165d3cfa3fc is-layout-constrained wp-block-group-is-layout-constrained\"><h2 class=\"has-text-align-center wp-block-post-title has-huge-font-size\">Hakk\u0131m\u0131zda<\/h2><\/div>\n<\/div><\/div>\n\n\n\n<div class=\"wp-block-group alignfull has-background-secondary-background-color has-background gutenify-section-53208fd0-c4bd-11ee-a3a1-a165d3cfa3fc is-layout-constrained wp-container-core-group-is-layout-b9e2c674 wp-block-group-is-layout-constrained\" style=\"border-style:none;border-width:0px;border-radius:0px;padding-top:100px;padding-right:30px;padding-bottom:100px;padding-left:30px\">\n<div class=\"wp-block-columns alignwide are-vertically-aligned-center gutenify-section-5312d430-c4bd-11ee-a3a1-a165d3cfa3fc is-layout-flex wp-container-core-columns-is-layout-28f84493 wp-block-columns-is-layout-flex\">\n<div class=\"wp-block-column is-vertically-aligned-center gutenify-section-526cf740-c4bd-11ee-a3a1-a165d3cfa3fc is-layout-flow wp-block-column-is-layout-flow\">\n<figure class=\"wp-block-image size-full has-custom-border  animated animated-fadeInUp gutenify-section-526703d0-c4bd-11ee-a3a1-a165d3cfa3fc\"><img decoding=\"async\" src=\"https:\/\/demo.gutenify.com\/gutenify-civil\/wp-content\/themes\/gutenify-civil\/images\/hero-banner.png\" alt=\"\" class=\"wp-image-749\" style=\"border-radius:0px\"\/><\/figure>\n<\/div>\n\n\n\n<div class=\"wp-block-column is-vertically-aligned-center gutenify-section-530b5a20-c4bd-11ee-a3a1-a165d3cfa3fc is-layout-flow wp-block-column-is-layout-flow\" style=\"padding-top:40px;padding-right:40px;padding-bottom:40px;padding-left:40px\">\n<div class=\"wp-block-group alignwide gutenify-section-53036ae0-c4bd-11ee-a3a1-a165d3cfa3fc is-layout-constrained wp-block-group-is-layout-constrained\">\n<div class=\"wp-block-group gutenify-section-52856140-c4bd-11ee-a3a1-a165d3cfa3fc is-layout-constrained wp-container-core-group-is-layout-e0082cf6 wp-block-group-is-layout-constrained\">\n<p class=\"animated animated-fadeInUp has-primary-color has-text-color gutenify-section-52764610-c4bd-11ee-a3a1-a165d3cfa3fc\" style=\"font-size:1.21rem;letter-spacing:1px;text-transform:capitalize\"><strong>EFK YAPI \u0130N\u015eAAT<\/strong><\/p>\n\n\n\n<h2 class=\"wp-block-heading animated animated-fadeInUp has-huge-font-size gutenify-section-527cd5c0-c4bd-11ee-a3a1-a165d3cfa3fc\" style=\"line-height:1.4;text-transform:capitalize\">Hakk\u0131m\u0131zda<\/h2>\n<\/div>\n\n\n\n<div class=\"wp-block-group gutenify-section-52dea4d0-c4bd-11ee-a3a1-a165d3cfa3fc is-layout-constrained wp-container-core-group-is-layout-5a30f31b wp-block-group-is-layout-constrained\">\n<p class=\"gutenify-section-8b6501e0-c4c8-11ee-a3a1-a165d3cfa3fc\">Efk Yap\u0131, yap\u0131 malzemelerini en uygun ve h\u0131zl\u0131 \u015fekilde sat\u0131\u015f hizmeti sunan yenilik\u00e7i anlay\u0131\u015fta bir firmad\u0131r. Sekt\u00f6rde g\u00fcven sa\u011flam\u0131\u015f markalar\u0131n sat\u0131\u015f\u0131n\u0131 yapmaktad\u0131r.<\/p>\n\n\n\n<p class=\"gutenify-section-8b6a0af0-c4c8-11ee-a3a1-a165d3cfa3fc\">\u00dcr\u00fcn \u00e7e\u015fitlili\u011fi i\u00e7erisinde al\u00e7\u0131 ve \u00e7imento esasl\u0131 s\u0131valar, \u0131s\u0131 yal\u0131t\u0131m \u00e7\u00f6z\u00fcmleri, su yal\u0131t\u0131m \u00e7\u00f6z\u00fcmleri, al\u00e7\u0131 levha \u00fcr\u00fcnleri, seramik yap\u0131\u015ft\u0131r\u0131c\u0131, derz dolgular, zemin \u00fcr\u00fcnleri ve teknik har\u00e7lar gibi genel olarak kaba in\u015faat malzemeleri alan\u0131nda geni\u015f \u00fcr\u00fcn gam\u0131nda hizmet vermektedir.<\/p>\n\n\n\n<p class=\"gutenify-section-8b6f3b10-c4c8-11ee-a3a1-a165d3cfa3fc\">Uygulama alan\u0131nda ise, edindi\u011fi tecr\u00fcbe ve b\u00fcnyesindeki uzman kadrosuyla sat\u0131\u015f\u0131n\u0131 ger\u00e7ekle\u015ftirdi\u011fi \u00fcr\u00fcnlerde proje bazl\u0131 \u00e7\u00f6z\u00fcm odakl\u0131 hizmet vermektedir.<\/p>\n\n\n\n<p class=\"gutenify-section-8b755590-c4c8-11ee-a3a1-a165d3cfa3fc\">Her zaman geni\u015fleyen \u00fcr\u00fcn \u00e7e\u015fitlili\u011fiyle toptan ve proje bazl\u0131 hizmet veren Yap\u0131dera her ihtiyac\u0131n\u0131zda yan\u0131n\u0131zda..<\/p>\n<\/div>\n\n\n\n<div class=\"wp-block-buttons animated animated-fadeInUp gutenify-section-52f53a10-c4bd-11ee-a3a1-a165d3cfa3fc is-content-justification-left is-layout-flex wp-container-core-buttons-is-layout-fb32cc1d wp-block-buttons-is-layout-flex\" style=\"margin-top:38px;margin-bottom:0px\">\n<div class=\"wp-block-button is-style-fill gutenify-section-52ecfcb0-c4bd-11ee-a3a1-a165d3cfa3fc\"><a class=\"wp-block-button__link wp-element-button\" href=\"https:\/\/efkyapi.com.tr\/index.php\/iletisim\/\" style=\"padding-right:35px;padding-left:35px\">\u0130leti\u015fm<\/a><\/div>\n<\/div>\n<\/div>\n<\/div>\n<\/div>\n<\/div>\n<\/div>\n","protected":false},"excerpt":{"rendered":"<p>EFK YAPI \u0130N\u015eAAT Hakk\u0131m\u0131zda Efk Yap\u0131, yap\u0131 malzemelerini en uygun ve h\u0131zl\u0131 \u015fekilde sat\u0131\u015f hizmeti [&hellip;]<\/p>\n","protected":false},"author":1,"featured_media":0,"parent":0,"menu_order":0,"comment_status":"closed","ping_status":"closed","template":"page-no-title","meta":{"gutenify_custom_css":"","gutenify_custom_css_data":"","footnotes":""},"class_list":["post-28","page","type-page","status-publish","hentry"],"yoast_head":"<!-- This site is optimized with the Yoast SEO plugin v22.5 - https:\/\/yoast.com\/wordpress\/plugins\/seo\/ -->\n<title>Hakk\u0131m\u0131zda - Efk Yap\u0131<\/title>\n<meta name=\"robots\" content=\"index, follow, max-snippet:-1, max-image-preview:large, max-video-preview:-1\" \/>\n<link rel=\"canonical\" href=\"https:\/\/efkyapi.com.tr\/index.php\/hakkimizda\/\" \/>\n<meta property=\"og:locale\" content=\"tr_TR\" \/>\n<meta property=\"og:type\" content=\"article\" \/>\n<meta property=\"og:title\" content=\"Hakk\u0131m\u0131zda - Efk Yap\u0131\" \/>\n<meta property=\"og:description\" content=\"EFK YAPI \u0130N\u015eAAT Hakk\u0131m\u0131zda Efk Yap\u0131, yap\u0131 malzemelerini en uygun ve h\u0131zl\u0131 \u015fekilde sat\u0131\u015f hizmeti [&hellip;]\" \/>\n<meta property=\"og:url\" content=\"https:\/\/efkyapi.com.tr\/index.php\/hakkimizda\/\" \/>\n<meta property=\"og:site_name\" content=\"Efk Yap\u0131\" \/>\n<meta property=\"article:modified_time\" content=\"2024-02-06T08:30:00+00:00\" \/>\n<meta property=\"og:image\" content=\"https:\/\/demo.gutenify.com\/gutenify-civil\/wp-content\/themes\/gutenify-civil\/images\/inner-banner.jpg\" \/>\n<meta name=\"twitter:card\" content=\"summary_large_image\" \/>\n<meta name=\"twitter:label1\" content=\"Tahmini okuma s\u00fcresi\" \/>\n\t<meta name=\"twitter:data1\" content=\"1 dakika\" \/>\n<script type=\"application\/ld+json\" class=\"yoast-schema-graph\">{\"@context\":\"https:\/\/schema.org\",\"@graph\":[{\"@type\":\"WebPage\",\"@id\":\"https:\/\/efkyapi.com.tr\/index.php\/hakkimizda\/\",\"url\":\"https:\/\/efkyapi.com.tr\/index.php\/hakkimizda\/\",\"name\":\"Hakk\u0131m\u0131zda - Efk Yap\u0131\",\"isPartOf\":{\"@id\":\"https:\/\/efkyapi.com.tr\/#website\"},\"primaryImageOfPage\":{\"@id\":\"https:\/\/efkyapi.com.tr\/index.php\/hakkimizda\/#primaryimage\"},\"image\":{\"@id\":\"https:\/\/efkyapi.com.tr\/index.php\/hakkimizda\/#primaryimage\"},\"thumbnailUrl\":\"https:\/\/demo.gutenify.com\/gutenify-civil\/wp-content\/themes\/gutenify-civil\/images\/inner-banner.jpg\",\"datePublished\":\"2024-02-01T12:41:50+00:00\",\"dateModified\":\"2024-02-06T08:30:00+00:00\",\"breadcrumb\":{\"@id\":\"https:\/\/efkyapi.com.tr\/index.php\/hakkimizda\/#breadcrumb\"},\"inLanguage\":\"tr\",\"potentialAction\":[{\"@type\":\"ReadAction\",\"target\":[\"https:\/\/efkyapi.com.tr\/index.php\/hakkimizda\/\"]}]},{\"@type\":\"ImageObject\",\"inLanguage\":\"tr\",\"@id\":\"https:\/\/efkyapi.com.tr\/index.php\/hakkimizda\/#primaryimage\",\"url\":\"https:\/\/demo.gutenify.com\/gutenify-civil\/wp-content\/themes\/gutenify-civil\/images\/inner-banner.jpg\",\"contentUrl\":\"https:\/\/demo.gutenify.com\/gutenify-civil\/wp-content\/themes\/gutenify-civil\/images\/inner-banner.jpg\"},{\"@type\":\"BreadcrumbList\",\"@id\":\"https:\/\/efkyapi.com.tr\/index.php\/hakkimizda\/#breadcrumb\",\"itemListElement\":[{\"@type\":\"ListItem\",\"position\":1,\"name\":\"Anasayfa\",\"item\":\"https:\/\/efkyapi.com.tr\/\"},{\"@type\":\"ListItem\",\"position\":2,\"name\":\"Hakk\u0131m\u0131zda\"}]},{\"@type\":\"WebSite\",\"@id\":\"https:\/\/efkyapi.com.tr\/#website\",\"url\":\"https:\/\/efkyapi.com.tr\/\",\"name\":\"Efk Yap\u0131\",\"description\":\"\u0130n\u015faat ve M\u00fchendislik\",\"publisher\":{\"@id\":\"https:\/\/efkyapi.com.tr\/#organization\"},\"potentialAction\":[{\"@type\":\"SearchAction\",\"target\":{\"@type\":\"EntryPoint\",\"urlTemplate\":\"https:\/\/efkyapi.com.tr\/?s={search_term_string}\"},\"query-input\":\"required name=search_term_string\"}],\"inLanguage\":\"tr\"},{\"@type\":\"Organization\",\"@id\":\"https:\/\/efkyapi.com.tr\/#organization\",\"name\":\"Efk Yap\u0131\",\"url\":\"https:\/\/efkyapi.com.tr\/\",\"logo\":{\"@type\":\"ImageObject\",\"inLanguage\":\"tr\",\"@id\":\"https:\/\/efkyapi.com.tr\/#\/schema\/logo\/image\/\",\"url\":\"https:\/\/efkyapi.com.tr\/wp-content\/uploads\/2024\/02\/EFK-1.png\",\"contentUrl\":\"https:\/\/efkyapi.com.tr\/wp-content\/uploads\/2024\/02\/EFK-1.png\",\"width\":1563,\"height\":1563,\"caption\":\"Efk Yap\u0131\"},\"image\":{\"@id\":\"https:\/\/efkyapi.com.tr\/#\/schema\/logo\/image\/\"}}]}<\/script>\n<!-- \/ Yoast SEO plugin. -->","yoast_head_json":{"title":"Hakk\u0131m\u0131zda - Efk Yap\u0131","robots":{"index":"index","follow":"follow","max-snippet":"max-snippet:-1","max-image-preview":"max-image-preview:large","max-video-preview":"max-video-preview:-1"},"canonical":"https:\/\/efkyapi.com.tr\/index.php\/hakkimizda\/","og_locale":"tr_TR","og_type":"article","og_title":"Hakk\u0131m\u0131zda - Efk Yap\u0131","og_description":"EFK YAPI \u0130N\u015eAAT Hakk\u0131m\u0131zda Efk Yap\u0131, yap\u0131 malzemelerini en uygun ve h\u0131zl\u0131 \u015fekilde sat\u0131\u015f hizmeti [&hellip;]","og_url":"https:\/\/efkyapi.com.tr\/index.php\/hakkimizda\/","og_site_name":"Efk Yap\u0131","article_modified_time":"2024-02-06T08:30:00+00:00","og_image":[{"url":"https:\/\/demo.gutenify.com\/gutenify-civil\/wp-content\/themes\/gutenify-civil\/images\/inner-banner.jpg"}],"twitter_card":"summary_large_image","twitter_misc":{"Tahmini okuma s\u00fcresi":"1 dakika"},"schema":{"@context":"https:\/\/schema.org","@graph":[{"@type":"WebPage","@id":"https:\/\/efkyapi.com.tr\/index.php\/hakkimizda\/","url":"https:\/\/efkyapi.com.tr\/index.php\/hakkimizda\/","name":"Hakk\u0131m\u0131zda - Efk Yap\u0131","isPartOf":{"@id":"https:\/\/efkyapi.com.tr\/#website"},"primaryImageOfPage":{"@id":"https:\/\/efkyapi.com.tr\/index.php\/hakkimizda\/#primaryimage"},"image":{"@id":"https:\/\/efkyapi.com.tr\/index.php\/hakkimizda\/#primaryimage"},"thumbnailUrl":"https:\/\/demo.gutenify.com\/gutenify-civil\/wp-content\/themes\/gutenify-civil\/images\/inner-banner.jpg","datePublished":"2024-02-01T12:41:50+00:00","dateModified":"2024-02-06T08:30:00+00:00","breadcrumb":{"@id":"https:\/\/efkyapi.com.tr\/index.php\/hakkimizda\/#breadcrumb"},"inLanguage":"tr","potentialAction":[{"@type":"ReadAction","target":["https:\/\/efkyapi.com.tr\/index.php\/hakkimizda\/"]}]},{"@type":"ImageObject","inLanguage":"tr","@id":"https:\/\/efkyapi.com.tr\/index.php\/hakkimizda\/#primaryimage","url":"https:\/\/demo.gutenify.com\/gutenify-civil\/wp-content\/themes\/gutenify-civil\/images\/inner-banner.jpg","contentUrl":"https:\/\/demo.gutenify.com\/gutenify-civil\/wp-content\/themes\/gutenify-civil\/images\/inner-banner.jpg"},{"@type":"BreadcrumbList","@id":"https:\/\/efkyapi.com.tr\/index.php\/hakkimizda\/#breadcrumb","itemListElement":[{"@type":"ListItem","position":1,"name":"Anasayfa","item":"https:\/\/efkyapi.com.tr\/"},{"@type":"ListItem","position":2,"name":"Hakk\u0131m\u0131zda"}]},{"@type":"WebSite","@id":"https:\/\/efkyapi.com.tr\/#website","url":"https:\/\/efkyapi.com.tr\/","name":"Efk Yap\u0131","description":"\u0130n\u015faat ve M\u00fchendislik","publisher":{"@id":"https:\/\/efkyapi.com.tr\/#organization"},"potentialAction":[{"@type":"SearchAction","target":{"@type":"EntryPoint","urlTemplate":"https:\/\/efkyapi.com.tr\/?s={search_term_string}"},"query-input":"required name=search_term_string"}],"inLanguage":"tr"},{"@type":"Organization","@id":"https:\/\/efkyapi.com.tr\/#organization","name":"Efk Yap\u0131","url":"https:\/\/efkyapi.com.tr\/","logo":{"@type":"ImageObject","inLanguage":"tr","@id":"https:\/\/efkyapi.com.tr\/#\/schema\/logo\/image\/","url":"https:\/\/efkyapi.com.tr\/wp-content\/uploads\/2024\/02\/EFK-1.png","contentUrl":"https:\/\/efkyapi.com.tr\/wp-content\/uploads\/2024\/02\/EFK-1.png","width":1563,"height":1563,"caption":"Efk Yap\u0131"},"image":{"@id":"https:\/\/efkyapi.com.tr\/#\/schema\/logo\/image\/"}}]}},"_links":{"self":[{"href":"https:\/\/efkyapi.com.tr\/index.php\/wp-json\/wp\/v2\/pages\/28","targetHints":{"allow":["GET"]}}],"collection":[{"href":"https:\/\/efkyapi.com.tr\/index.php\/wp-json\/wp\/v2\/pages"}],"about":[{"href":"https:\/\/efkyapi.com.tr\/index.php\/wp-json\/wp\/v2\/types\/page"}],"author":[{"embeddable":true,"href":"https:\/\/efkyapi.com.tr\/index.php\/wp-json\/wp\/v2\/users\/1"}],"replies":[{"embeddable":true,"href":"https:\/\/efkyapi.com.tr\/index.php\/wp-json\/wp\/v2\/comments?post=28"}],"version-history":[{"count":2,"href":"https:\/\/efkyapi.com.tr\/index.php\/wp-json\/wp\/v2\/pages\/28\/revisions"}],"predecessor-version":[{"id":78,"href":"https:\/\/efkyapi.com.tr\/index.php\/wp-json\/wp\/v2\/pages\/28\/revisions\/78"}],"wp:attachment":[{"href":"https:\/\/efkyapi.com.tr\/index.php\/wp-json\/wp\/v2\/media?parent=28"}],"curies":[{"name":"wp","href":"https:\/\/api.w.org\/{rel}","templated":true}]}}